ple of 292?
True
Does 10 divide 7240110?
True
Does 4203 divide 1260120411?
False
Is 78 a factor of 153159870?
False
Is 11369376 a multiple of 72?
True
Is 4308 a factor of 2001772512?
True
Is 23 a factor of 110793461?
True
Does 12 divide 57131675?
False
Is 14 a factor of 86053938?
False
Is 7 a factor of 25474067?
False
Does 51 divide 2172342756?
True
Is 548 a factor of 144668712?
True
Is 58090174 a multiple of 761?
True
Is 8 a factor of 5508328?
True
Does 320 divide 348985756?
False
Does 1130 divide 97582737?
False
Does 160 divide 964933875?
False
Is 31862284 a multiple of 1921?
False
Does 427 divide 594669072?
False
Is 891 a factor of 1427087970?
True
Is 49 a factor of 26161100?
True
Does 584 divide 128386698?
False
Is 3505 a factor of 200184570?
True
Does 120 divide 3287640?
True
Is 55277312 a multiple of 43?
False
Is 77617242 a multiple of 19?
True
Does 101 divide 95237452?
False
Is 198 a factor of 161320168?
False
Is 138 a factor of 161229475?
False
Is 481 a factor of 6009649?
False
Is 255 a factor of 448227758?
False
Does 117 divide 11087505?
True
Is 10261672 a multiple of 9?
False
Does 1494 divide 1983358245?
False
Is 1136914970 a multiple of 8761?
True
Does 2017 divide 92626691?
True
Does 3804 divide 144823049?
False
Is 115763689 a multiple of 282?
False
Does 309 divide 1081632870?
True
Is 4569 a factor of 392526833?
False
Is 2667664688 a multiple of 26?
True
Is 12400268 a multiple of 4?
True
Is 83 a factor of 26051634?
False
Does 10 divide 90247835?
False
Does 44 divide 80783032?
True
Does 21 divide 28038030?
False
Is 241244244 a multiple of 18?
True
Does 27 divide 319080627?
True
Is 4 a factor of 483414890?
False
Is 1127 a factor of 3193369151?
True
Is 854013834 a multiple of 13?
False
Is 41 a factor of 4505674?
False
Does 11 divide 124764334?
False
Is 621027493 a multiple of 19?
False
Is 504459778 a multiple of 4880?
False
Is 6 a factor of 8248757?
False
Is 5 a factor of 428132815?
True
Does 760 divide 82361101?
False
Does 10 divide 55032934?
False
Does 61 divide 12555063?
False
Does 3079 divide 111881623?
True
Is 41398974 a multiple of 302?
False
Is 232 a factor of 58359564?
False
Is 549548 a multiple of 287?
False
Is 426 a factor of 2459724?
True
Is 72 a factor of 153579456?
True
Is 1719 a factor of 38112942?
False
Is 2390 a factor of 1023256990?
True
Does 57 divide 3630626523?
False
Is 47 a factor of 38909354?
False
Does 292 divide 134135587?
False
Is 12 a factor of 4241604?
True
Is 302842006 a multiple of 108?
False
Is 7 a factor of 9518001?
False
Is 69403268 a multiple of 37?
True
Is 2597885539 a multiple of 101?
True
Does 307 divide 7078509?
False
Does 125 divide 293616101?
False
Is 4787 a factor of 1847274578?
True
Is 200958816 a multiple of 16?
True
Is 72833800 a multiple of 40?
True
Is 494284708 a multiple of 202?
True
Is 142690731 a multiple of 141?
True
Does 168 divide 7009800?
True
Is 92131665 a multiple of 555?
True
Is 1360020432 a multiple of 274?
False
Is 8311056 a multiple of 3?
True
Does 349 divide 176462966?
False
Does 15 divide 12903648?
False
Is 68163253 a multiple of 32?
False
Is 28790707 a multiple of 479?
False
Is 1182 a factor of 2144146728?
False
Is 695 a factor of 3984261250?
True
Is 23964075 a multiple of 5?
True
Is 98247317 even?
False
Is 51228252 a multiple of 36?
True
Does 245 divide 4914571432?
False
Does 48 divide 151200384?
True
Is 19043256 a multiple of 87?
True
Is 13 a factor of 140391199?
True
Is 179 a factor of 66155492?
False
Does 160 divide 31588044?
False
Is 390 a factor of 90413356?
False
Is 828 a factor of 100310111?
False
Is 139723719 a multiple of 452?
False
Does 27 divide 374031135?
True
Is 17 a factor of 258538924?
True
Is 47 a factor of 3108128512?
False
Does 33 divide 78730997?
False
Is 7550 a factor of 335589941?
False
Is 409172442 a multiple of 1561?
True
Is 1523 a factor of 718106684?
True
Is 90 a factor of 26264847?
False
Is 97384122 a multiple of 1557?
True
Does 25 divide 5715005125?
True
Is 972 a factor of 2007193856?
False
Does 17 divide 4657725240?
False
Is 993748000 a multiple of 224?
True
Does 56 divide 1235312730?
False
Is 9967018 a multiple of 394?
True
Is 36 a factor of 6245322?
False
Does 12 divide 230890140?
True
Is 53021152 a multiple of 98?
False
Is 511151832 a multiple of 18?
True
Is 21267959 a multiple of 1242?
False
Is 1586836296 a multiple of 652?
True
Does 38 divide 710733456?
True
Is 44 a factor of 32492828?
False
Is 389301835 a multiple of 13?
True
Is 469 a factor of 14297676?
False
Is 3715419 a multiple of 21?
False
Is 183381906 a multiple of 542?
True
Is 57 a factor of 43062502?
False
Is 1844255 a multiple of 20?
False
Does 11 divide 240186605?
False
Is 264365395 a multiple of 859?
False
Does 134 divide 1079655?
False
Is 13 a factor of 815429849?
True
Is 750 a factor of 694853095?
False
Is 17 a factor of 279958227?
True
Does 172 divide 118266743?
False
Is 11 a factor of 20827058?
False
Is 1203 a factor of 1059164089?
False
Does 17 divide 480541939?
False
Does 48 divide 27778314?
False
Is 339586150 a multiple of 835?
True
Does 155 divide 9468486?
False
Is 43270000 a multiple of 10?
True
Is 633027434 a multiple of 104?
False
Is 6 a factor of 4398810?
True
Does 3 divide 267526718?
False
Does 6059 divide 1191411465?
True
Is 667096814 a multiple of 82?
True
Is 753334158 a multiple of 4164?
False
Does 1185 divide 58609919?
False
Is 61033897 a multiple of 3042?
False
Is 761 a factor of 109948481?
False
Does 46 divide 41291455?
False
Is 9892576 a multiple of 46?
True
Is 247485228 a multiple of 955?
False
Is 3421959 a multiple of 13?
False
Does 7669 divide 1495462669?
True
Is 20251872 a multiple of 152?
True
Does 131 divide 29124829?
False
Is 1802680349 a multiple of 95?
False
Does 43 divide 768556015?
False
Is 35 a factor of 10173870?
True
Is 1495893000 a multiple of 25?
True
Is 1159134210 a multiple of 6110?
True
Is 32024104 a multiple of 56?
True
Is 2638 a factor of 654851975?
False
Does 1481 divide 3832299245?
False
Does 1672 divide 126848724?
False
Does 277 divide 34880798?
False
Is 453 a factor of 10135875?
True
Does 113 divide 75222744?
True
Is 346 a factor of 10040228?
True
Is 1029 a factor of 13636920?
False
Does 10 divide 199257162?
False
Is 590 a factor of 15212466?
False
Is 43 a factor of 533251213?
True
Does 111 divide 184939168?
False
Does 84 divide 5377872?
False
Does 191 divide 73132144?
False
Is 2307556419 a multiple of 203?
True
Is 731683029 a multiple of 11?
True
Does 110 divide 1063424?
False
Is 2606339760 a multiple of 184?
True
Is 3160764415 a multiple of 463?
True
Does 125 divide 8875221?
False
Does 358 divide 25817170?
True
Is 463611083 a multiple of 3682?
False
Is 28 a factor of 383597?
False
Is 7558953 a multiple of 26?
False
Does 6313 divide 1455026553?
True
Is 14 a factor of 364858536?
True
Does 930 divide 506318040?
True
Does 242 divide 183225695?
False
Is 1746 a factor of 1755196182?
True
Does 1330 divide 106397053?
False
Is 205410962 a multiple of 2205?
False
Does 32 divide 780436448?
True
Is 159809175 a multiple of 207?
True
Does 351 divide 88898823?
True
Does 5 divide 776546682?
False
Does 13 divide 48918860?
False
Is 155606186 a multiple of 14?
False
Does 5 divide 3365819?
False
Is 23 a factor of 1517686188?
True
Does 13 divide 1444177819?
False
Is 518 a factor of 79227?
False
Is 421612048 a multiple of 8?
True
Is 16243348 a multiple of 869?
True
Is 361 a factor of 730217733?
False
Is 3131547012 a multiple of 11682?
True
Is 219 a factor of 30653649?
True
Is 22598235 a multiple of 213?
True
Is 135939517 a multiple of 20?
False
Is 1461097954 a multiple of 3287?
False
Is 14293388 a multiple of 218?
True
Is 3006084 a multiple of 2?
True
Is 807621368 a multiple of 1828?
True
Does 94 divide 20798089?
False
Is 166829988 a multiple of 156?
True
Is 369 a factor of 4573755?
True
Is 25692000 a multiple of 20?
True
Does 12 divide 85960164?
True
Is 12410112 a multiple of 2288?
True
Does 100 divide 56888500?
True
Is 31992096 a multiple of 272?
True
Is 34503094 a multiple of 293?
True
Is 6814354 even?
True
Does 60 divide 306986313?
False
Is 2 a factor of 35749871?
False
Does 14 divide 243118484?
True
Is 46 a factor of 27169603?
False
Is 466448360 a multiple of 8?
True
Does 112 divide 111385793?
False
Does 1222 divide 683098?
True
Does 22 divide 54